{"id":753,"date":"2019-10-30T14:16:10","date_gmt":"2019-10-30T17:16:10","guid":{"rendered":"https:\/\/felipematias.com.br\/bereia\/?page_id=753"},"modified":"2021-12-21T00:23:41","modified_gmt":"2021-12-21T03:23:41","slug":"proposta-bereia","status":"publish","type":"page","link":"https:\/\/felipematias.com.br\/bereia\/proposta-bereia\/","title":{"rendered":"Proposta Bereia"},"content":{"rendered":"\t\t<div data-elementor-type=\"wp-page\" data-elementor-id=\"753\" class=\"elementor elementor-753\">\n\t\t\t\t\t\t\t\t\t<section class=\"elementor-section elementor-top-section elementor-element elementor-element-6ab75880 elementor-section-boxed elementor-section-height-default elementor-section-height-default\" data-id=\"6ab75880\" data-element_type=\"section\">\n\t\t\t\t\t\t<div class=\"elementor-container elementor-column-gap-default\">\n\t\t\t\t\t<div class=\"elementor-column elementor-col-100 elementor-top-column elementor-element elementor-element-56da45cf\" data-id=\"56da45cf\" data-element_type=\"column\">\n\t\t\t<div class=\"elementor-widget-wrap\">\n\t\t\t\t\t\t\t\t\t<\/div>\n\t\t<\/div>\n\t\t\t\t\t\t\t<\/div>\n\t\t<\/section>\n\t\t\t\t<section class=\"elementor-section elementor-top-section elementor-element elementor-element-1c116779 elementor-section-boxed elementor-section-height-default elementor-section-height-default\" data-id=\"1c116779\" data-element_type=\"section\">\n\t\t\t\t\t\t<div class=\"elementor-container elementor-column-gap-default\">\n\t\t\t\t\t<div class=\"elementor-column elementor-col-50 elementor-top-column elementor-element elementor-element-5bc20486\" data-id=\"5bc20486\" data-element_type=\"column\">\n\t\t\t<div class=\"elementor-widget-wrap elementor-element-populated\">\n\t\t\t\t\t\t\t\t<div class=\"elementor-element elementor-element-7e06031a elementor-widget elementor-widget-heading\" data-id=\"7e06031a\" data-element_type=\"widget\" data-widget_type=\"heading.default\">\n\t\t\t\t<div class=\"elementor-widget-container\">\n\t\t\t<h4 class=\"elementor-heading-title elementor-size-default\">Sobre n\u00f3s<\/h4>\t\t<\/div>\n\t\t\t\t<\/div>\n\t\t\t\t<div class=\"elementor-element elementor-element-5ad5dc51 elementor-widget elementor-widget-heading\" data-id=\"5ad5dc51\" data-element_type=\"widget\" data-widget_type=\"heading.default\">\n\t\t\t\t<div class=\"elementor-widget-container\">\n\t\t\t<h2 class=\"elementor-heading-title elementor-size-default\">Proposta\nBereia<\/h2>\t\t<\/div>\n\t\t\t\t<\/div>\n\t\t\t\t\t<\/div>\n\t\t<\/div>\n\t\t\t\t<div class=\"elementor-column elementor-col-50 elementor-top-column elementor-element elementor-element-15c659ab\" data-id=\"15c659ab\" data-element_type=\"column\">\n\t\t\t<div class=\"elementor-widget-wrap elementor-element-populated\">\n\t\t\t\t\t\t\t\t<div class=\"elementor-element elementor-element-696a140a elementor-widget elementor-widget-text-editor\" data-id=\"696a140a\" data-element_type=\"widget\" data-widget_type=\"text-editor.default\">\n\t\t\t\t<div class=\"elementor-widget-container\">\n\t\t\t\t\t\t\t<p>Bereia \u2013 Informa\u00e7\u00e3o e Checagem de Not\u00edcias. Separar o Joio. Guardar o trigo.<\/p>\n<p>Uma iniciativa de organiza\u00e7\u00f5es, profissionais, pesquisadores e estudantes de comunica\u00e7\u00e3o vinculados ao contexto da f\u00e9 crist\u00e3.<\/p>\n<p><em> Os de Bereia dedicaram-se a avaliar se tudo correspondia \u00e0 verdade. \u2013 Atos 17:11<\/em><\/p>\t\t\t\t\t\t<\/div>\n\t\t\t\t<\/div>\n\t\t\t\t\t<\/div>\n\t\t<\/div>\n\t\t\t\t\t\t\t<\/div>\n\t\t<\/section>\n\t\t\t\t<section class=\"elementor-section elementor-top-section elementor-element elementor-element-251b80b7 elementor-section-boxed elementor-section-height-default elementor-section-height-default\" data-id=\"251b80b7\" data-element_type=\"section\">\n\t\t\t\t\t\t<div class=\"elementor-container elementor-column-gap-default\">\n\t\t\t\t\t<div class=\"elementor-column elementor-col-100 elementor-top-column elementor-element elementor-element-53303ffc\" data-id=\"53303ffc\" data-element_type=\"column\">\n\t\t\t<div class=\"elementor-widget-wrap elementor-element-populated\">\n\t\t\t\t\t\t\t\t<div class=\"elementor-element elementor-element-397fcf2 elementor-widget elementor-widget-text-editor\" data-id=\"397fcf2\" data-element_type=\"widget\" data-widget_type=\"text-editor.default\">\n\t\t\t\t<div class=\"elementor-widget-container\">\n\t\t\t\t\t\t\t<div>\n<p>Conhecer e comunicar a verdade \u00e9 urgente em um tempo marcado pela chamada \u201cp\u00f3s-verdade\u201d (pr\u00e1tica de forma\u00e7\u00e3o da opini\u00e3o p\u00fablica nos quais os fatos objetivos t\u00eam menos influ\u00eancia que os apelos \u00e0s emo\u00e7\u00f5es e \u00e0s cren\u00e7as pessoais) e pela ampla circula\u00e7\u00e3o de fake news (not\u00edcias falsas), de desinforma\u00e7\u00e3o e de informa\u00e7\u00e3o manipulada, em especial com objetivos pol\u00edticos. Nesse sentido, a verdade liberta pessoas e grupos das amarras de conte\u00fados mentirosos, caluniosos e promotores de intoler\u00e2ncia em todas as suas formas.<\/p>\n<p>O nome Bereia tem um car\u00e1ter simb\u00f3lico e faz parte de uma narrativa b\u00edblica do Novo Testamento. Conforme o livro de Atos dos Ap\u00f3stolos 17.10-15, a mensagem de Paulo e seus companheiros foi bem recebida na sinagoga judaica de Bereia, localizada na Gr\u00e9cia, na regi\u00e3o da Maced\u00f4nia. O texto registra um elogio aos bereanos, homens e mulheres, que mantiveram n\u00e3o apenas uma abertura em ouvir as Escrituras, mas de examin\u00e1-la.<\/p>\n<p>\u00a0<\/p>\n<blockquote>\n<p>\u201cOs judeus que moravam em Bereia tinham a mente mais aberta que os de Tessal\u00f4nica e ouviram a mensagem de Paulo com grande interesse. Todos os dias, examinavam as Escrituras para ver se Paulo e Silas ensinavam a verdade. Como resultado, muitos judeus creram, assim como v\u00e1rios gregos de alta posi\u00e7\u00e3o, tanto homens como mulheres.\u201d<\/p>\n<p><cite>(NVT)<\/cite><\/p>\n<\/blockquote>\n<p>Nesse esp\u00edrito e a partir da iniciativa da organiza\u00e7\u00e3o Paz e Esperan\u00e7a Brasil, um grupo de jornalistas se reuniu e criou o Coletivo Bereia, respons\u00e1vel por este site (Bereia \u2013 Informa\u00e7\u00e3o e Checagem de Not\u00edcias) e pelas contas associadas nas redes sociais. Importantes parcerias institucionais foram estabelecidas no processo de constru\u00e7\u00e3o dessa proposta. Hoje, Bereia conta com o apoio das seguintes organiza\u00e7\u00f5es: Ag\u00eancia Latino Americana e Caribenha de Comunica\u00e7\u00e3o (ALC), Associa\u00e7\u00e3o Cat\u00f3lica de Comunica\u00e7\u00e3o \u2013 Brasil (SIGNIS), Associa\u00e7\u00e3o Mundial para a Comunica\u00e7\u00e3o Crist\u00e3 \u2013 Am\u00e9rica Latina (WACC-AL, na sigla em ingl\u00eas), Grupo de Pesquisa Comunica\u00e7\u00e3o e Religi\u00e3o da Sociedade Brasileira de Estudos Interdisciplinares da Comunica\u00e7\u00e3o (GP Comunica\u00e7\u00e3o e Religi\u00e3o \u2013 INTERCOM) e Paz e Esperan\u00e7a Brasil.<\/p>\n<p>\u00a0<\/p>\n<h4 style=\"font-style: normal; margin-bottom: 36px;\">Objetivo<\/h4>\n<p>\u00a0<\/p>\n<p>Checar fatos publicados diariamente em m\u00eddias religiosas e em m\u00eddias sociais brasileiras que abordem conte\u00fados sobre religi\u00f5es e suas lideran\u00e7as no Brasil e no exterior. Bereia oferecer\u00e1 pluralidade de pontos de vista e transpar\u00eancia, com base em sua pol\u00edtica editorial, para que o\/a leitor\/a tenha condi\u00e7\u00f5es de avaliar se a informa\u00e7\u00e3o est\u00e1 correta e contextualizada com a realidade dos fatos. N\u00e3o ser\u00e3o checadas opini\u00f5es ou material anal\u00edtico, apenas material informativo (not\u00edcias).<\/p>\n<\/div>\t\t\t\t\t\t<\/div>\n\t\t\t\t<\/div>\n\t\t\t\t<div class=\"elementor-element elementor-element-7961f74 elementor-widget elementor-widget-text-editor\" data-id=\"7961f74\" data-element_type=\"widget\" id=\"metodologia-de-checagem\" data-widget_type=\"text-editor.default\">\n\t\t\t\t<div class=\"elementor-widget-container\">\n\t\t\t\t\t\t\t<div style=\"font-family: Nunito, sans-serif; font-size: 18px; font-style: normal; font-weight: 500; letter-spacing: 0.2px;\">\n<div style=\"font-size: 18px;\">\n<div style=\"font-size: 18px;\">\n<div style=\"font-size: 18px;\">\n<h4 style=\"margin-bottom: 36px;\">Metodologia de Checagem<\/h4>\n<p style=\"font-size: 18px;\">\u00a0<\/p>\n<p style=\"font-size: 18px;\">Diariamente, a equipe do Bereia acompanha sites e portais (ag\u00eancias) de not\u00edcias gospel. Acompanha tamb\u00e9m pronunciamentos e declara\u00e7\u00f5es de pol\u00edticos e autoridades crist\u00e3s de express\u00e3o nacional (l\u00edderes da Bancada Religiosa e Ministros de Estado) veiculados pelas m\u00eddias noticiosas, pelas m\u00eddias sociais destas personagens e\/ou expostos no Parlamento. Ser\u00e1 verificado se os conte\u00fados veiculados s\u00e3o informativos (verdadeiros) ou desinformativos (imprecisos, enganosos, inconclusivos e falsos).<\/p>\n<p style=\"font-size: 18px;\">\u00a0<\/p>\n<\/div>\n<\/div>\n<div style=\"font-size: 18px;\">\n<div style=\"font-size: 18px;\">\n<p style=\"font-size: 18px;\"><strong style=\"font-size: 18px;\">Para isso, adotamos um protocolo com cinco passos de checagem:<\/strong><\/p>\n<p style=\"font-size: 18px;\">\u00a0<\/p>\n<ol style=\"font-size: 18px;\">\n<li style=\"font-size: 18px;\">Identifica\u00e7\u00e3o de mat\u00e9rias e pronunciamentos ou declara\u00e7\u00f5es veiculados em m\u00eddias e expostos no Parlamento que, pelas caracter\u00edsticas do t\u00edtulo e da chamada, demandam verifica\u00e7\u00e3o (afirma\u00e7\u00f5es absolutas, ufanismo, casos inusitados) por representarem relev\u00e2ncia (interesse p\u00fablico, ou que afetem o maior n\u00famero de pessoas poss\u00edvel) relacionada \u00e0 presen\u00e7a de grupos religiosos no espa\u00e7o p\u00fablico e\/ou tenham tido destaque nas m\u00eddias noticiosas.<\/li>\n<li style=\"font-size: 18px;\">Pesquisa sobre a fonte original (quando existir).<\/li>\n<li style=\"font-size: 18px;\">Pesquisa sobre o que foi publicado sobre o assunto\/tema.<\/li>\n<li style=\"font-size: 18px;\">Pesquisa em fontes oficiais e alternativas (incluindo pessoas, grupos, institui\u00e7\u00f5es\/organiza\u00e7\u00f5es\/associa\u00e7\u00f5es\/movimentos sociais citados) para confirma\u00e7\u00e3o, identifica\u00e7\u00e3o de lacunas e de distor\u00e7\u00f5es ou para refuta\u00e7\u00e3o do conte\u00fado. Tudo ser\u00e1 relatado no texto a ser produzido pela equipe do Bereia com a devida indica\u00e7\u00e3o do acesso dos leitores\/as a estas fontes.<\/li>\n<li style=\"font-size: 18px;\">Contextualiza\u00e7\u00e3o do conte\u00fado checado, com busca de referencial bibliogr\u00e1fico e contato com especialistas, quando for o caso.<\/li>\n<li style=\"font-size: 18px;\">Classifica\u00e7\u00e3o do conte\u00fado como Verdadeiro, Impreciso, Enganoso, Inconclusivo ou Falso:<\/li>\n<\/ol>\n<\/div>\n<\/div>\n<\/div>\n<\/div>\n<h5 style=\"font-style: normal; margin-bottom: 36px;\"><span style=\"font-family: Raleway, sans-serif; font-size: 22px; font-weight: 600; letter-spacing: 0.3px;\">VERDADEIRO<\/span><\/h5>\n<p style=\"font-family: Nunito, sans-serif; font-size: 18px; font-style: normal; font-weight: 500; letter-spacing: 0.2px;\">\u00a0<\/p>\n<p style=\"font-family: Nunito, sans-serif; font-size: 18px; font-style: normal; font-weight: 500; letter-spacing: 0.2px;\">a not\u00edcia, o pronunciamento ou a declara\u00e7\u00e3o s\u00e3o corretas e coerentes com os fatos apurados.<\/p>\n<p style=\"font-family: Nunito, sans-serif; font-size: 18px; font-style: normal; font-weight: 500; letter-spacing: 0.2px;\">\u00a0<\/p>\n<div style=\"font-family: Nunito, sans-serif; font-size: 18px; font-style: normal; font-weight: 500; letter-spacing: 0.2px;\">\n<div style=\"font-size: 18px;\">\n<h5 style=\"margin-bottom: 36px;\"><span style=\"font-family: Raleway, sans-serif; font-size: 22px; font-weight: 600; letter-spacing: 0.3px;\">IMPRECISO<\/span><\/h5>\n<p style=\"font-size: 18px;\">\u00a0<\/p>\n<p style=\"font-size: 18px;\">A not\u00edcia, o pronunciamento ou a declara\u00e7\u00e3o oferecem conte\u00fados verdadeiros, mas n\u00e3o oferecem dados comprov\u00e1veis, n\u00e3o consideram diferentes perspectivas e n\u00e3o contextualizam a situa\u00e7\u00e3o em quest\u00e3o. Isto pode levar o p\u00fablico a julgamentos err\u00f4neos sobre determinados casos, pessoas, grupos, institui\u00e7\u00f5es\/organiza\u00e7\u00f5es\/associa\u00e7\u00f5es\/movimentos sociais. \u00c9 desinforma\u00e7\u00e3o e necessita de complementa\u00e7\u00f5es e contextualiza\u00e7\u00e3o.<\/p>\n<p style=\"font-size: 18px;\">\u00a0<\/p>\n<\/div>\n<div style=\"font-size: 18px;\">\n<h5 style=\"margin-bottom: 36px;\">ENGANOSO<\/h5>\n<p style=\"font-size: 18px;\">\u00a0<\/p>\n<p style=\"font-size: 18px;\">A not\u00edcia, o pronunciamento ou a declara\u00e7\u00e3o oferecem conte\u00fados de subst\u00e2ncia verdadeira, mas a apresenta\u00e7\u00e3o deles \u00e9 desenvolvida para confundir. Os t\u00edtulos e imagens que n\u00e3o correspondem ao que \u00e9 exposto na \u00edntegra, teores distorcidos que instigam julgamentos negativos de uma pessoa, de um grupo ou de institui\u00e7\u00e3o\/organiza\u00e7\u00e3o\/associa\u00e7\u00e3o\/movimentos sociais, ou invocam sensacionalismo para conquista de audi\u00eancia. Representa desinforma\u00e7\u00e3o e necessita de corre\u00e7\u00f5es, subst\u00e2ncia e contextualiza\u00e7\u00e3o.<\/p>\n<\/div>\n<\/div>\n<div style=\"font-family: Nunito, sans-serif; font-size: 18px; font-style: normal; font-weight: 500; letter-spacing: 0.2px;\">\n<div style=\"font-size: 18px;\">\n<h5 style=\"margin-bottom: 36px;\">INCONCLUSIVO<\/h5>\n<p style=\"font-size: 18px;\">\u00a0<\/p>\n<p style=\"font-size: 18px;\">A not\u00edcia, o pronunciamento ou a declara\u00e7\u00e3o oferecem conte\u00fados de subst\u00e2ncia informativa mas n\u00e3o apresentam todos os elementos necess\u00e1rios para serem classificados como verdadeiros. Al\u00e9m disso, trazem evid\u00eancias na reda\u00e7\u00e3o para serem avaliados como desinforma\u00e7\u00e3o. S\u00e3o mat\u00e9rias que demandam cuidado, aten\u00e7\u00e3o e acompanhamento em torno da conclus\u00e3o.<\/p>\n<p style=\"font-size: 18px;\">\u00a0<\/p>\n<\/div>\n<div style=\"font-size: 18px;\">\n<h5 style=\"margin-bottom: 36px;\">FALSO<\/h5>\n<p style=\"font-size: 18px;\">\u00a0<\/p>\n<p style=\"font-size: 18px;\"><span style=\"font-size: 18px; letter-spacing: 0.2px;\">A not\u00edcia, o pronunciamento ou a declara\u00e7\u00e3o n\u00e3o oferecem informa\u00e7\u00f5es, n\u00e3o t\u00eam subst\u00e2ncia factual, caracterizando-se como boato, conte\u00fado fabricado para parecer informa\u00e7\u00e3o. Os dados dispon\u00edveis sobre a situa\u00e7\u00e3o em quest\u00e3o contradizem objetivamente o que \u00e9 apresentado. \u00c9 desinforma\u00e7\u00e3o.<\/span><\/p>\n<\/div>\n<\/div>\t\t\t\t\t\t<\/div>\n\t\t\t\t<\/div>\n\t\t\t\t<div class=\"elementor-element elementor-element-6a10476 elementor-widget elementor-widget-text-editor\" data-id=\"6a10476\" data-element_type=\"widget\" id=\"politica-editorial\" data-widget_type=\"text-editor.default\">\n\t\t\t\t<div class=\"elementor-widget-container\">\n\t\t\t\t\t\t\t<h4>Pol\u00edtica Editorial<\/h4>\n<p>\u00a0<\/p>\n<p>Ser\u00e1 checado apenas conte\u00fado que se apresente como informa\u00e7\u00e3o (conte\u00fado noticioso baseado em fatos e apresenta\u00e7\u00e3o de ideias organizadas e ordenadas baseadas em dados) que tenha relev\u00e2ncia (interesse p\u00fablico, ou que afetem o maior n\u00famero de pessoas poss\u00edvel) relacionada \u00e0 presen\u00e7a de grupos religiosos no espa\u00e7o p\u00fablico e\/ou tenham tido destaque nas m\u00eddias noticiosas. Nesse sentido, n\u00e3o ser\u00e1 verificado material opinativo na forma de artigos, editoriais, resenhas.<\/p>\n<p>\u00a0<\/p>\n<p>Bereia entende como desinforma\u00e7\u00e3o: informa\u00e7\u00e3o comprovadamente falsa, inconclusiva, enganosa e imprecisa, que \u00e9 criada, apresentada e divulgada para obter vantagens econ\u00f4micas ou para enganar deliberadamente, podendo prejudicar o interesse p\u00fablico.<\/p>\n<p>\u00a0<\/p>\n<p><strong>Bereia<\/strong>\u00a0espera que os\/as leitores\/as participem ativamente desta proposta. Primeiramente, verificando a pr\u00f3pria atua\u00e7\u00e3o do Coletivo por meio do acesso \u00e0s fontes de checagem que ser\u00e3o divulgadas a partir do compromisso estabelecido com a transpar\u00eancia. Tamb\u00e9m, indicando conte\u00fados para que Bereia realize a checagem. Para isso haver\u00e1 espa\u00e7os espec\u00edficos oferecidos aos\/\u00e0s leitores\/as.<\/p>\n<p>\u00a0<\/p>\n<p>No que disser respeito ao conte\u00fado, Bereia \u00e9 apartid\u00e1rio, n\u00e3o realiza milit\u00e2ncia, e n\u00e3o defender\u00e1, seja com checagens espec\u00edficas, seja com a produ\u00e7\u00e3o de textos, qualquer discurso, teologia, ideologia ou tend\u00eancia pol\u00edtico-partid\u00e1ria. Como um servi\u00e7o jornal\u00edstico \u00e9tico e transparente, Bereia apresentar\u00e1 perspectivas diversas sobre os fatos apurados.<\/p>\n<p><b>Sobre corre\u00e7\u00e3o e atualiza\u00e7\u00f5es de material publicado<\/b><\/p>\n<p>Bereia admite que todo trabalho jornal\u00edstico est\u00e1 sujeito a erros e, ao mesmo tempo, afirma que, quando ancorado em princ\u00edpios \u00e9ticos, este trabalho deve ser transparente. Por isso, Bereia assume o compromisso de tornar p\u00fablicos eventuais equ\u00edvocos, com a garantia de corre\u00e7\u00e3o, com agilidade e justi\u00e7a.<\/p>\n<p>Bereia segue este princ\u00edpio tanto nas mat\u00e9rias publicadas em todas as sess\u00f5es de seu website, quanto no conte\u00fado que publica nas m\u00eddias sociais em que tem perfis (Facebook, Twitter, Instagram, Youtube).<\/p>\n<p>Para isto, a editoria-geral do Bereia receber\u00e1 comunicados com a indica\u00e7\u00e3o de eventuais erros encontrados por usu\u00e1rios, por meio de mensagens pelo e-mail coletivobereia@gmail.com ou pelo n\u00famero do Whatsapp (38) 98418-6691.<\/p>\n<p>A mensagem de contesta\u00e7\u00e3o deve conter o nome completo de quem a envia, e-mail ou telefone de contato, e o conte\u00fado publicado pelo Bereia no qual foi encontrado erro, com a indica\u00e7\u00e3o do que est\u00e1 incorreto e por qu\u00ea, e, se poss\u00edvel, de fontes que comprovem o erro.<\/p>\n<p>A equipe do Bereia sempre oferecer\u00e1 uma resposta individual a este tipo de mensagem indicativa de erro e, se de fato for constatada a necessidade de corre\u00e7\u00e3o, o texto ser\u00e1 alterado com um registro indicativo na publica\u00e7\u00e3o de que uma corre\u00e7\u00e3o foi feita, com data e hor\u00e1rio.<\/p>\n<p>Se for necess\u00e1rio alterar a verifica\u00e7\u00e3o com nova etiqueta de classifica\u00e7\u00e3o do conte\u00fado (verdadeiro, falso, enganoso, inconclusivo ou impreciso) isto ser\u00e1 devidamente registrado na mat\u00e9ria.<\/p>\n<p>Bereia tamb\u00e9m estar\u00e1 atento \u00e0 atualiza\u00e7\u00e3o de conte\u00fado oferecido, com altera\u00e7\u00e3o de mat\u00e9ria publicada, com o devido registro da data e do hor\u00e1rio em que ela foi feita. Isto se refere a dados fornecidos, mas tamb\u00e9m ao pronunciamento posterior de pessoas, institui\u00e7\u00f5es ou organiza\u00e7\u00f5es citadas em mat\u00e9rias produzidas pelo Bereia.<\/p>\n<p>Neste caso, a editoria-geral avaliar\u00e1 a necessidade de desdobramento com aprofundamentos e esclarecimentos, incluindo a poss\u00edvel publica\u00e7\u00e3o de uma nota da reda\u00e7\u00e3o.<\/p>\n<p>Haver\u00e1 chamadas em m\u00eddias sociais para mat\u00e9rias revisadas pelo Bereia, com corre\u00e7\u00f5es e atualiza\u00e7\u00f5es.<\/p>\t\t\t\t\t\t<\/div>\n\t\t\t\t<\/div>\n\t\t\t\t<div class=\"elementor-element elementor-element-2860d5e elementor-widget elementor-widget-text-editor\" data-id=\"2860d5e\" data-element_type=\"widget\" id=\"recursos-financeiros\" data-widget_type=\"text-editor.default\">\n\t\t\t\t<div class=\"elementor-widget-container\">\n\t\t\t\t\t\t\t<h4>Recursos financeiros<\/h4>\n<p>\u00a0<\/p>\n<p>Bereia disp\u00f5e de pequeno recurso financeiro alcan\u00e7ado com apoiadores-simpatizantes para cria\u00e7\u00e3o do website e funcionamento inicial. O principal aporte se dar\u00e1 pela atua\u00e7\u00e3o de volunt\u00e1rios da equipe de minera\u00e7\u00e3o de dados e na checagem dos fatos e pela ades\u00e3o de doadores.<\/p>\n<p>\u00a0<\/p>\n<p>Bereia \u00e9 transparente quanto \u00e0 abertura do recebimento de doa\u00e7\u00f5es para a realiza\u00e7\u00e3o deste servi\u00e7o. A aceita\u00e7\u00e3o de doa\u00e7\u00f5es n\u00e3o implica influ\u00eancia de doadores\/as sobre os conte\u00fados checados. Os recursos ser\u00e3o geridos pela Diretoria e pelo Conselho Fiscal do Paz e Esperan\u00e7a Brasil, organiza\u00e7\u00e3o respons\u00e1vel institucionalmente por esta iniciativa.<\/p>\t\t\t\t\t\t<\/div>\n\t\t\t\t<\/div>\n\t\t\t\t<div class=\"elementor-element elementor-element-0f2ad7d elementor-widget elementor-widget-text-editor\" data-id=\"0f2ad7d\" data-element_type=\"widget\" id=\"conselho-editorial\" data-widget_type=\"text-editor.default\">\n\t\t\t\t<div class=\"elementor-widget-container\">\n\t\t\t\t\t\t\t<h4>Conselho Editorial<\/h4>\n<p>Conhe\u00e7a as pessoas que colaboram para garantir que o conte\u00fado publicado seja claro e verdadeiro.<\/p>\t\t\t\t\t\t<\/div>\n\t\t\t\t<\/div>\n\t\t\t\t<div class=\"elementor-element elementor-element-6d8fb9d elementor-widget elementor-widget-button\" data-id=\"6d8fb9d\" data-element_type=\"widget\" data-widget_type=\"button.default\">\n\t\t\t\t<div class=\"elementor-widget-container\">\n\t\t\t\t\t<div class=\"elementor-button-wrapper\">\n\t\t\t<a class=\"elementor-button elementor-button-link elementor-size-sm elementor-animation-pulse\" href=\"\/conselho-editorial\/\">\n\t\t\t\t\t\t<span class=\"elementor-button-content-wrapper\">\n\t\t\t\t\t\t<span class=\"elementor-button-text\">Ver perfis<\/span>\n\t\t<\/span>\n\t\t\t\t\t<\/a>\n\t\t<\/div>\n\t\t\t\t<\/div>\n\t\t\t\t<\/div>\n\t\t\t\t\t<\/div>\n\t\t<\/div>\n\t\t\t\t\t\t\t<\/div>\n\t\t<\/section>\n\t\t\t\t<section class=\"elementor-section elementor-top-section elementor-element elementor-element-3fdb2a3f elementor-section-height-min-height elementor-section-boxed elementor-section-height-default elementor-section-items-middle\" data-id=\"3fdb2a3f\" data-element_type=\"section\" data-settings=\"{&quot;background_background&quot;:&quot;classic&quot;}\">\n\t\t\t\t\t\t<div class=\"elementor-container elementor-column-gap-default\">\n\t\t\t\t\t<div class=\"elementor-column elementor-col-100 elementor-top-column elementor-element elementor-element-6e439b8d\" data-id=\"6e439b8d\" data-element_type=\"column\" data-settings=\"{&quot;background_background&quot;:&quot;classic&quot;}\">\n\t\t\t<div class=\"elementor-widget-wrap elementor-element-populated\">\n\t\t\t\t\t\t\t\t<section class=\"elementor-section elementor-inner-section elementor-element elementor-element-27166f0e elementor-section-height-min-height elementor-section-boxed elementor-section-height-default\" data-id=\"27166f0e\" data-element_type=\"section\">\n\t\t\t\t\t\t<div class=\"elementor-container elementor-column-gap-default\">\n\t\t\t\t\t<div class=\"elementor-column elementor-col-50 elementor-inner-column elementor-element elementor-element-6b178f0f\" data-id=\"6b178f0f\" data-element_type=\"column\">\n\t\t\t<div class=\"elementor-widget-wrap elementor-element-populated\">\n\t\t\t\t\t\t\t\t<div class=\"elementor-element elementor-element-4c7a07dd elementor-widget elementor-widget-heading\" data-id=\"4c7a07dd\" data-element_type=\"widget\" data-widget_type=\"heading.default\">\n\t\t\t\t<div class=\"elementor-widget-container\">\n\t\t\t<h2 class=\"elementor-heading-title elementor-size-default\">Quer saber mais sobre o Coletivo Bereia?<\/h2>\t\t<\/div>\n\t\t\t\t<\/div>\n\t\t\t\t\t<\/div>\n\t\t<\/div>\n\t\t\t\t<div class=\"elementor-column elementor-col-50 elementor-inner-column elementor-element elementor-element-60ecad08\" data-id=\"60ecad08\" data-element_type=\"column\">\n\t\t\t<div class=\"elementor-widget-wrap elementor-element-populated\">\n\t\t\t\t\t\t\t\t<div class=\"elementor-element elementor-element-413bb5b8 elementor-align-right elementor-mobile-align-center elementor-widget elementor-widget-button\" data-id=\"413bb5b8\" data-element_type=\"widget\" data-widget_type=\"button.default\">\n\t\t\t\t<div class=\"elementor-widget-container\">\n\t\t\t\t\t<div class=\"elementor-button-wrapper\">\n\t\t\t<a class=\"elementor-button elementor-button-link elementor-size-md\" href=\"https:\/\/felipematias.com.br\/bereia\/contato\/\">\n\t\t\t\t\t\t<span class=\"elementor-button-content-wrapper\">\n\t\t\t\t\t\t<span class=\"elementor-button-icon elementor-align-icon-right\">\n\t\t\t\t<i aria-hidden=\"true\" class=\"fas fa-long-arrow-alt-right\"><\/i>\t\t\t<\/span>\n\t\t\t\t\t\t<span class=\"elementor-button-text\">Fale Conosco<\/span>\n\t\t<\/span>\n\t\t\t\t\t<\/a>\n\t\t<\/div>\n\t\t\t\t<\/div>\n\t\t\t\t<\/div>\n\t\t\t\t\t<\/div>\n\t\t<\/div>\n\t\t\t\t\t\t\t<\/div>\n\t\t<\/section>\n\t\t\t\t\t<\/div>\n\t\t<\/div>\n\t\t\t\t\t\t\t<\/div>\n\t\t<\/section>\n\t\t\t\t\t\t\t<\/div>\n\t\t","protected":false},"excerpt":{"rendered":"<p>Sobre n\u00f3s Proposta Bereia Bereia \u2013 Informa\u00e7\u00e3o e Checagem de Not\u00edcias. Separar o Joio. Guardar o trigo. Uma iniciativa de organiza\u00e7\u00f5es, profissionais, pesquisadores e estudantes de comunica\u00e7\u00e3o vinculados ao contexto da f\u00e9 crist\u00e3. Os de Bereia dedicaram-se a avaliar se tudo correspondia \u00e0 verdade. \u2013 Atos 17:11 Conhecer e comunicar a verdade \u00e9 urgente em &hellip;<\/p>\n","protected":false},"author":49,"featured_media":0,"parent":0,"menu_order":0,"comment_status":"closed","ping_status":"closed","template":"elementor_header_footer","meta":{"footnotes":""},"_links":{"self":[{"href":"https:\/\/felipematias.com.br\/bereia\/wp-json\/wp\/v2\/pages\/753"}],"collection":[{"href":"https:\/\/felipematias.com.br\/bereia\/wp-json\/wp\/v2\/pages"}],"about":[{"href":"https:\/\/felipematias.com.br\/bereia\/wp-json\/wp\/v2\/types\/page"}],"author":[{"embeddable":true,"href":"https:\/\/felipematias.com.br\/bereia\/wp-json\/wp\/v2\/users\/49"}],"replies":[{"embeddable":true,"href":"https:\/\/felipematias.com.br\/bereia\/wp-json\/wp\/v2\/comments?post=753"}],"version-history":[{"count":72,"href":"https:\/\/felipematias.com.br\/bereia\/wp-json\/wp\/v2\/pages\/753\/revisions"}],"predecessor-version":[{"id":9121,"href":"https:\/\/felipematias.com.br\/bereia\/wp-json\/wp\/v2\/pages\/753\/revisions\/9121"}],"wp:attachment":[{"href":"https:\/\/felipematias.com.br\/bereia\/wp-json\/wp\/v2\/media?parent=753"}],"curies":[{"name":"wp","href":"https:\/\/api.w.org\/{rel}","templated":true}]}}